, 359
What are the prime factors of 2645?
5, 23
List the prime factors of 1181.
1181
What are the prime factors of 7818?
2, 3, 1303
List the prime factors of 42539.
7, 59, 103
What are the prime factors of 179274?
2, 3, 29879
List the prime factors of 1190.
2, 5, 7, 17
What are the prime factors of 2747?
41, 67
List the prime factors of 20498.
2, 37, 277
List the prime factors of 3049.
3049
What are the prime factors of 24441?
3, 8147
What are the prime factors of 3036?
2, 3, 11, 23
List the prime factors of 8094.
2, 3, 19, 71
What are the prime factors of 2065?
5, 7, 59
What are the prime factors of 2396?
2, 599
What are the prime factors of 8423?
8423
List the prime factors of 119681.
19, 6299
What are the prime factors of 2708?
2, 677
What are the prime factors of 45480?
2, 3, 5, 379
List the prime factors of 101237.
67, 1511
List the prime factors of 2454.
2, 3, 409
List the prime factors of 5852.
2, 7, 11, 19
List the prime factors of 2283.
3, 761
List the prime factors of 151.
151
What are the prime factors of 7799?
11, 709
What are the prime factors of 93645?
3, 5, 2081
What are the prime factors of 16233?
3, 7, 773
What are the prime factors of 922?
2, 461
List the prime factors of 706.
2, 353
List the prime factors of 47800.
2, 5, 239
List the prime factors of 70283.
67, 1049
What are the prime factors of 4190?
2, 5, 419
List the prime factors of 26822.
2, 13411
What are the prime factors of 12268?
2, 3067
What are the prime factors of 4619?
31, 149
List the prime factors of 10292.
2, 31, 83
List the prime factors of 1387.
19, 73
List the prime factors of 7099.
31, 229
List the prime factors of 1408.
2, 11
What are the prime factors of 304?
2, 19
What are the prime factors of 8968?
2, 19, 59
What are the prime factors of 19290?
2, 3, 5, 643
What are the prime factors of 3900?
2, 3, 5, 13
List the prime factors of 46346.
2, 23173
List the prime factors of 667.
23, 29
What are the prime factors of 5724?
2, 3, 53
What are the prime factors of 109602?
2, 3, 6089
List the prime factors of 14934.
2, 3, 19, 131
List the prime factors of 33241.
13, 2557
What are the prime factors of 28102?
2, 14051
List the prime factors of 132422.
2, 73, 907
List the prime factors of 3982.
2, 11, 181
What are the prime factors of 9207?
3, 11, 31
What are the prime factors of 560?
2, 5, 7
List the prime factors of 749.
7, 107
List the prime factors of 701.
701
What are the prime factors of 383?
383
What are the prime factors of 1744?
2, 109
What are the prime factors of 1135?
5, 227
List the prime factors of 7806.
2, 3, 1301
What are the prime factors of 792?
2, 3, 11
List the prime factors of 2929.
29, 101
What are the prime factors of 211137?
3, 70379
What are the prime factors of 222?
2, 3, 37
What are the prime factors of 2190?
2, 3, 5, 73
List the prime factors of 2742.
2, 3, 457
List the prime factors of 1712.
2, 107
What are the prime factors of 51357?
3, 17, 19, 53
What are the prime factors of 47259?
3, 59, 89
List the prime factors of 10327.
23, 449
What are the prime factors of 708?
2, 3, 59
List the prime factors of 125982.
2, 3, 2333
What are the prime factors of 542?
2, 271
List the prime factors of 31016.
2, 3877
List the prime factors of 90782.
2, 19, 2389
What are the prime factors of 5?
5
What are the prime factors of 4448?
2, 139
List the prime factors of 33935.
5, 11, 617
What are the prime factors of 7569?
3, 29
What are the prime factors of 60148?
2, 11, 1367
What are the prime factors of 86882?
2, 43441
What are the prime factors of 133381?
83, 1607
What are the prime factors of 95812?
2, 17, 1409
List the prime factors of 593.
593
List the prime factors of 1007.
19, 53
What are the prime factors of 131344?
2, 8209
List the prime factors of 19950.
2, 3, 5, 7, 19
What are the prime factors of 2624?
2, 41
List the prime factors of 4036.
2, 1009
What are the prime factors of 2604?
2, 3, 7, 31
What are the prime factors of 655?
5, 131
What are the prime factors of 848?
2, 53
What are the prime factors of 2362?
2, 1181
What are the prime factors of 1206?
2, 3, 67
List the prime factors of 1799.
7, 257
What are the prime factors of 1223?
1223
What are the prime factors of 8460?
2, 3, 5, 47
What are the prime factors of 1897?
7, 271
List the prime factors of 546.
2, 3, 7, 13
What are the prime factors of 167?
167
What are the prime factors of 2884?
2, 7, 103
List the prime factors of 63994.
2, 7, 653
List the prime factors of 34617.
3, 11, 1049
What are the prime factors of 75768?
2, 3, 7, 11, 41
List the prime factors of 2040.
2, 3, 5, 17
List the prime factors of 139354.
2, 69677
What are the prime factors of 4364?
2, 1091
What are the prime factors of 84044?
2, 21011
What are the prime factors of 34516?
2, 8629
What are the prime factors of 8315?
5, 1663
List the prime factors of 1007.
19, 53
What are the prime factors of 12377?
12377
What are the prime factors of 98277?
3, 17, 41, 47
What are the prime factors of 35417?
107, 331
List the prime factors of 60660.
2, 3, 5, 337
List the prime factors of 805.
5, 7, 23
What are the prime factors of 74219?
74219
List the prime factors of 67003.
67003
List the prime factors of 3268.
2, 19, 43
What are the prime factors of 479?
479
List the prime factors of 2813.
29, 97
List the prime factors of 4826.
2, 19, 127
List the prime factors of 258.
2, 3, 43
List the prime factors of 471.
3, 157
What are the prime factors of 79261?
7, 13, 67
What are the prime factors of 19?
19
What are the prime factors of 1049?
1049
What are the prime factors of 8250?
2, 3, 5, 11
List the prime factors of 6718.
2, 3359
What are the prime factors of 1991?
11, 181
What are the prime factors of 51714?
2, 3, 13, 17
List the prime factors of 178074.
2, 3, 13, 761
List the prime factors of 7921.
89
What are the prime factors of 8692?
2, 41, 53
What are the prime factors of 785?
5, 157
What are the prime factors of 24931?
107, 233
List the prime factors of 119.
7, 17
What are the prime factors of 46076?
2, 11519
What are the prime factors of 2059?
29, 71
List the prime factors of 12062.
2, 37, 163
What are the prime factors of 4972?
2, 11, 113
List the prime factors of 6402.
2, 3, 11, 97
What are the prime factors of 2401?
7
List the prime factors of 7928.
2, 991
What are the prime factors of 13598?
2, 13, 523
List the prime factors of 16478.
2, 7, 11, 107
What are the prime factors of 1209?
3, 13, 31
List the prime factors of 2851.
2851
List the prime factors of 41747.
109, 383
What are the prime factors of 1844?
2, 461
What are the prime factors of 47?
47
What are the prime factors of 484?
2, 11
What are the prime factors of 3556?
2, 7, 127
List the prime factors of 1441.
11, 131
What are the prime factors of 11282?
2, 5641
List the prime factors of 15114.
2, 3, 11, 229
What are the prime factors of 3308?
2, 827
What are the prime factors of 326?
2, 163
What are the prime factors of 54618?
2, 3, 9103
List the prime factors of 3698.
2, 43
List the prime factors of 16068.
2, 3, 13, 103
What are the prime factors of 13632?
2, 3, 71
What are the prime factors of 4582?
2, 29, 79
What are the prime factors of 829?
829
What are the prime factors of 100649?
100649
What are the prime factors of 10262?
2, 7, 733
List the prime factors of 11664.
2, 3
List the prime factors of 770.
2, 5, 7, 11
List the prime factors of 1592.
2, 199
What are the prime factors of 1935?
3, 5, 43
List the prime factors of 87.
3, 29
List the prime factors of 61403.
61403
List the prime factors of 21950.
2, 5, 439
List the prime factors of 982.
2, 491
What are the prime factors of 2440?
2, 5, 61
What are the prime factors of 45676?
2, 19, 601
What are the prime factors of 32494?
2, 7, 11, 211
List the prime factors of 1058.
2, 23
List the prime factors of 1334.
2, 23, 29
List the prime factors of 7546.
2, 7, 11
List the prime factors of 331.
331
What are the prime factors of 79839?
3, 2957
What are the prime factors of 32650?
2, 5, 653
List the prime factors of 18712.
2, 2339
List the prime factors of 689.
13, 53
List the prime factors of 9043.
9043
What are the prime factors of 1483?
1483
List the prime factors of 932.
2, 233
List the prime factors of 801.
3, 89
What are the prime factors of 1456?
2, 7, 13
List the prime factors of 385.
5, 7, 11
List th